{"id":615,"date":"2020-09-22T08:25:12","date_gmt":"2020-09-22T08:25:12","guid":{"rendered":"http:\/\/dlabiznesu.pro\/?page_id=615"},"modified":"2020-11-30T11:34:07","modified_gmt":"2020-11-30T11:34:07","slug":"doradztwo","status":"publish","type":"page","link":"http:\/\/dlabiznesu.pro\/index.php\/doradztwo\/","title":{"rendered":"Doradztwo"},"content":{"rendered":"<div class=\"everest-forms\"><div class=\"evf-container default\" id=\"evf-747\"><form id=\"evf-form-747\" class=\"everest-form\" data-formid=\"747\" data-ajax_submission=\"0\" data-keyboard_friendly_form=\"0\" data-form_state_type=\"\" method=\"post\" enctype=\"multipart\/form-data\" action=\"\/index.php\/wp-json\/wp\/v2\/pages\/615\"><div class=\"evf-title-container\"><div class=\"everest-forms--title\">Masz pytania? Zostaw sw\u00f3j nr telefonu a my skontaktujemy si\u0119 z Tob\u0105!<\/div><\/div><div class=\"evf-field-container\"><input type=\"hidden\" id=\"_wpnonce747\" name=\"_wpnonce747\" value=\"7ed96e0861\" \/><input type=\"hidden\" name=\"_wp_http_referer\" value=\"\/index.php\/wp-json\/wp\/v2\/pages\/615\" \/><div class=\"evf-frontend-row\" data-row=\"row_1\" conditional_rules=\"[]\"><div class=\"evf-frontend-grid evf-grid-2\" data-grid=\"grid_1\"><div id=\"evf-747-field_2KyoRUXzwW-1-container\" class=\"evf-field evf-field-first-name form-row validate-required\" data-required-field-message=\"To pole jest obowi\u0105zkowe.\" data-field-id=\"2KyoRUXzwW-1\"><label class=\"evf-field-label\" for=\"evf-747-field_2KyoRUXzwW-1\"><span class=\"evf-label\">Imi\u0119<\/span> <abbr class=\"required\" title=\"Required\">*<\/abbr><\/label><input type=\"text\" id=\"evf-747-field_2KyoRUXzwW-1\" class=\"input-text\" name=\"everest_forms[form_fields][2KyoRUXzwW-1]\" required><\/div><\/div><div class=\"evf-frontend-grid evf-grid-2\" data-grid=\"grid_2\"><div id=\"evf-747-field_DiWNdtqJWs-2-container\" class=\"evf-field evf-field-first-name form-row validate-required\" data-required-field-message=\"To pole jest obowi\u0105zkowe\" data-field-id=\"DiWNdtqJWs-2\"><label class=\"evf-field-label\" for=\"evf-747-field_DiWNdtqJWs-2\"><span class=\"evf-label\">Nr telefonu<\/span> <abbr class=\"required\" title=\"Required\">*<\/abbr><\/label><input type=\"text\" id=\"evf-747-field_DiWNdtqJWs-2\" class=\"input-text\" name=\"everest_forms[form_fields][DiWNdtqJWs-2]\" required><\/div><\/div><\/div><div class=\"evf-frontend-row\" data-row=\"row_2\" conditional_rules=\"[]\"><div class=\"evf-frontend-grid evf-grid-1\" data-grid=\"grid_1\"><div id=\"evf-747-field_3jkzxnSiw8-4-container\" class=\"evf-field evf-field-text form-row\" data-field-id=\"3jkzxnSiw8-4\"><label class=\"evf-field-label\" for=\"evf-747-field_3jkzxnSiw8-4\"><span class=\"evf-label\">Zostaw wiadomo\u015b\u0107<\/span> <\/label><input type=\"text\" id=\"evf-747-field_3jkzxnSiw8-4\" class=\"input-text\" name=\"everest_forms[form_fields][3jkzxnSiw8-4]\" ><\/div><\/div><\/div><div class=\"evf-frontend-row\" data-row=\"row_3\" conditional_rules=\"[]\"><div class=\"evf-frontend-grid evf-grid-1\" data-grid=\"grid_1\"><div id=\"evf-747-field_izzDWTPYbp-5-container\" class=\"evf-field evf-field-checkbox form-row validate-required\" data-required-field-message=\"To pole jest obowi\u0105zkowe\" data-field-id=\"izzDWTPYbp-5\"><label class=\"evf-field-label\" for=\"evf-747-field_izzDWTPYbp-5\"><span class=\"evf-label\">Zgoda na kontakt telefoniczny<\/span> <abbr class=\"required\" title=\"Required\">*<\/abbr><\/label><ul id=\"evf-747-field_izzDWTPYbp-5\" class=\" evf-field-required\"><li class=\"choice-1 depth-1\"><input type=\"checkbox\" id=\"evf-747-field_izzDWTPYbp-5_1\" class=\"input-text\" name=\"everest_forms[form_fields][izzDWTPYbp-5][]\" value=\"Wyra\u017cam zgod\u0119 na przetwarzanie moich danych osobowych przez Dla Biznesu Sp zoo w celu przedstawienia oferty handlowej drog\u0105 telefoniczn\u0105.\" required ><label class=\"everest-forms-field-label-inline\" for=\"evf-747-field_izzDWTPYbp-5_1\">Wyra\u017cam zgod\u0119 na przetwarzanie moich danych osobowych przez Dla Biznesu Sp zoo w celu przedstawienia oferty handlowej drog\u0105 telefoniczn\u0105.<\/label><\/li><\/ul><\/div><\/div><\/div><\/div><div class=\"evf-honeypot-container evf-field-hp\"><label for=\"evf-747-field-hp\" class=\"evf-field-label\">Name<\/label><input type=\"text\" name=\"everest_forms[hp]\" id=\"evf-747-field-hp\" class=\"input-text\"><\/div><div class=\"evf-submit-container \" ><input type=\"hidden\" name=\"everest_forms[id]\" value=\"747\"><input type=\"hidden\" name=\"everest_forms[author]\" value=\"1\"><button type='submit' name='everest_forms[submit]' class='everest-forms-submit-button button evf-submit ' id='evf-submit-747' value='evf-submit' data-process-text=\"Wysy\u0142anie\u2026\" conditional_rules='&quot;&quot;' conditional_id='evf-submit-747'  id=\"evf-submit-747\" aria-live=\"assertive\">Wy\u015blij<\/button><\/div><\/form><\/div><!-- .evf-container --><\/div>","protected":false},"excerpt":{"rendered":"","protected":false},"author":1,"featured_media":0,"parent":0,"menu_order":0,"comment_status":"closed","ping_status":"closed","template":"","meta":{"zakra_page_container_layout":"customizer","zakra_page_sidebar_layout":"customizer","zakra_remove_content_margin":false,"zakra_sidebar":"customizer","zakra_transparent_header":"customizer","zakra_logo":0,"zakra_main_header_style":"default","zakra_menu_item_color":"","zakra_menu_item_hover_color":"","zakra_menu_item_active_color":"","zakra_menu_active_style":"","zakra_page_header":true,"footnotes":""},"class_list":["post-615","page","type-page","status-publish","hentry"],"_links":{"self":[{"href":"http:\/\/dlabiznesu.pro\/index.php\/wp-json\/wp\/v2\/pages\/615","targetHints":{"allow":["GET"]}}],"collection":[{"href":"http:\/\/dlabiznesu.pro\/index.php\/wp-json\/wp\/v2\/pages"}],"about":[{"href":"http:\/\/dlabiznesu.pro\/index.php\/wp-json\/wp\/v2\/types\/page"}],"author":[{"embeddable":true,"href":"http:\/\/dlabiznesu.pro\/index.php\/wp-json\/wp\/v2\/users\/1"}],"replies":[{"embeddable":true,"href":"http:\/\/dlabiznesu.pro\/index.php\/wp-json\/wp\/v2\/comments?post=615"}],"version-history":[{"count":4,"href":"http:\/\/dlabiznesu.pro\/index.php\/wp-json\/wp\/v2\/pages\/615\/revisions"}],"predecessor-version":[{"id":748,"href":"http:\/\/dlabiznesu.pro\/index.php\/wp-json\/wp\/v2\/pages\/615\/revisions\/748"}],"wp:attachment":[{"href":"http:\/\/dlabiznesu.pro\/index.php\/wp-json\/wp\/v2\/media?parent=615"}],"curies":[{"name":"wp","href":"https:\/\/api.w.org\/{rel}","templated":true}]}}